s divided by n.
6
Suppose -5*n = c - 18, 2*c - 12 = -3*n + 31. Calculate the remainder when c is divided by 6.
5
Suppose -11 = -2*b + 2*f + 1, 5*b - 40 = -5*f. What is the remainder when 19 is divided by b?
5
Suppose -3*o + 2*d = -148, -d = -5*o - 3*d + 236. Calculate the remainder when o is divided by 25.
23
Suppose -3*p + 12 = -0. Let t(k) = -k**3 + 6*k**2 - 4*k - 4. What is the remainder when 35 is divided by t(p)?
11
Suppose 5*k + 146 = 3*p, -2*k + 2*p = 61 - 1. Let n = k - -114. What is the remainder when n is divided by 22?
20
Let n be (6/(-12))/(1/(-6)). Suppose 3*q + 5*s - 25 = 14, -n*s = -4*q + 52. Calculate the remainder when q is divided by 4.
1
What is the remainder when 5/((-75)/115)*-3 is divided by 8?
7
Suppose -161 = -4*y + 15. Suppose -26 = -3*j - w - 0*w, 3*w + 52 = 4*j. Let l = 25 - j. Calculate the remainder when y is divided by l.
14
Suppose 2*k - 3*j - 6 = -0*k, -14 = 2*k + 2*j. Let f(b) = 5*b**2 - 2*b - 3. Let o be f(k). Suppose -2*m = m - o. Calculate the remainder when m is divided by 9.
7
Suppose 2*a + 45 - 119 = 0. Calculate the remainder when a is divided by 19.
18
What is the remainder when ((-69)/12)/(1/(-8)) is divided by 16?
14
Suppose -3*x - 85 = -7*x + d, -5*d = 3*x - 58. Let g = x - 9. What is the remainder when g is divided by -2 + (8 - 1/(-1))?
5
What is the remainder when 39 is divided by (2/(-6))/((-5 + 1)/192)?
7
Suppose r = 2*r + 4, 0 = -2*k + 4*r + 48. Calculate the remainder when 21 is divided by k.
5
Suppose -25 = -5*a - 10. Suppose -2*v = -4*b + 34, -v = -a*v + 10. What is the remainder when 43 is divided by b?
10
Suppose -3*i + 4 + 5 = 0. Suppose 2*z = i*z - 9. Calculate the remainder when 26 is divided by z.
8
Let f be -18*1*12/8. Let w = -18 - f. What is the remainder when w is divided by 6?
3
Suppose -16 = -2*l - 6. Let w be (10/6)/(1/3). Suppose 82 = 4*c - 3*y + w, 5*y = c - 32. Calculate the remainder when c is divided by l.
2
Let t(r) = -8*r - 25. What is the remainder when t(-4) is divided by 3?
1
Suppose -31 - 79 = -2*j. Calculate the remainder when j is divided by (1 - -26) + (-10)/(-5).
26
Suppose -2*q - 2*q + 5*r + 132 = 0, 2*r = -4*q + 160. What is the remainder when q is divided by 13?
12
Suppose -7*h + 32 + 3 = 0. Calculate the remainder when 24 is divided by h.
4
What is the remainder when ((-74)/(-8))/((-13)/(-52)) is divided by 5?
2
Let q = -6 - -8. Calculate the remainder when 2 is divided by q.
0
Let o(b) = -b**3 - 5*b**2 - b + 4. Let f be o(-5). Suppose -4*v + f - 1 = 0. What is the remainder when 12 is divided by v/6*42/2?
5
Suppose -108*t = -107*t - 16. What is the remainder when 95 is divided by t?
15
Let g(x) = x - 14. Let v be g(0). Calculate the remainder when 37 is divided by 1 - (-1 - -3) - v.
11
Suppose -2*q + 76 = 4*z, 4*q + 2 = 3*q. What is the remainder when z is divided by 12?
8
Let k(m) = 2*m**2 - m - 1. Let j be k(2). Suppose 4*o + 7 = -3*a - 2*a, -5*a = -j*o + 25. What is the remainder when 14 is divided by ((-5)/(-2))/(1/o)?
4
Let p be (-74)/(-2) - (-2 - -2). Suppose -5*k + 8 = -p. Calculate the remainder when 15 is divided by k.
6
Let a = -30 - -42. Let z = a - 10. Suppose 4*c + 0*c - 28 = 0. What is the remainder when c is divided by z?
1
Suppose -21 - 3 = -3*x. What is the remainder when 79 is divided by x?
7
Suppose -8*i + 104 = -120. Calculate the remainder when 80 is divided by i.
24
Suppose 4*w - 23 = 5*n - 0*n, 0 = -2*n + 5*w + 1. Let f = n - -17. Calculate the remainder when 17 is divided by (-48)/(-5) + (-6)/f.
8
Let y(i) = -i**3 - 2*i**2 + 3*i - 1. Let d be y(-3). Let g = 0 - d. Let m = 1 - 0. Calculate the remainder when m is divided by g.
0
Suppose 0 = t - 3*t + 6. Calculate the remainder when 7 is divided by t.
1
Let h = -45 + 57. Calculate the remainder when 35 is divided by h.
11
What is the remainder when 22/2 + (-6 - -6) + -4 is divided by (-2 - -1)/(4/(-8))?
1
Calculate the remainder when (-1 - -29)/4*3 is divided by 8.
5
Let u(v) = -7*v - 13. Calculate the remainder when 29 is divided by u(-4).
14
Let d = -47 - -107. Suppose 0 = -4*w - w + d. Calculate the remainder when 45 is divided by w.
9
Let l = -36 - -40. Calculate the remainder when 6 is divided by l.
2
Suppose -3*q + 92 = 2*v, -3*q + 88 = -0*q + 4*v. Calculate the remainder when q is divided by 12.
8
Let k be (-4)/(-18) + (-148)/18. Let r = k - -12. Calculate the remainder when 11 is divided by r.
3
Let g = 8 + 4. What is the remainder when 160/12*(-15)/(-10) is divided by g?
8
Suppose 4*w + 0*w - 56 = 0. What is the remainder when w is divided by 8?
6
Let c = -60 + 37. Let q = c + 44. What is the remainder when q is divided by 8?
5
Let h(r) = -3*r + 4. What is the remainder when h(-6) is divided by 13?
9
Let b(s) be the first derivative of -3*s**2/2 - s - 1. What is the remainder when (14 - 4/(-2)) + -2 is divided by b(-3)?
6
Suppose p + 4*n = 0, -3*p = -5*p - 5*n + 3. Suppose -r - p*r + 75 = 0. Calculate the remainder when 28 is divided by r.
13
Let c be 1 - -1 - 6/3. Let a be 3 + 0/1 + c. Suppose -4 = 3*j - 1, 0 = a*n - 3*j - 30. What is the remainder when 25 is divided by n?
7
Suppose z - 5 - 1 = 0. What is the remainder when 39/2*(-4)/(-3) is divided by (-2)/z + (-86)/(-6)?
12
Let r(q) = -q + 1. Let x be r(4). Let w be 1 + x - (-4)/2. What is the remainder when 22 is divided by w + 11 - 2 - 1?
6
Let s = -24 - -34. Calculate the remainder when (-828)/(-21) - ((-25)/7 - -4) is divided by s.
9
Suppose 16*y = 15*y + 21. Calculate the remainder when 59 is divided by y.
17
Suppose 2*j - 3*d + 9 = 0, d + 3 = 3*j - 1. Suppose u - 7 = -0. Calculate the remainder when u is divided by j.
1
Let r be ((-3)/(-4))/((-2)/8). Let a be (-2)/6*r - -1. Suppose -4*j = 0, a*j + 30 = -3*y + 72. Calculate the remainder when y is divided by 5.
4
Suppose -10 = -4*a + 34. What is the remainder when 184 is divided by a?
8
Suppose -31*k - 87 = -34*k. What is the remainder when k is divided by 11?
7
Let n be 59*3*(-3)/(-9). Let j be (2 - n)/3 - 2. Calculate the remainder when 22 is divided by (-6)/j - 54/(-7).
6
Suppose -4*n + 61 = 13. Calculate the remainder when n is divided by 7.
5
Suppose -5*c - 56 = -6*q + 2*q, 5*c = 2*q - 48. Let p = 9 - c. Calculate the remainder when p is divided by 9.
8
Let d = 0 - -2. Let v = d + 1. Calculate the remainder when 8 is divided by v.
2
Suppose -4*v = -5*q - 100, -3*v + 7*v = -q + 100. What is the remainder when v is divided by 14?
11
What is the remainder when ((-30)/(-9))/(10/285) is divided by 24?
23
Let f = -1 - -5. Calculate the remainder when 11 is divided by f.
3
Let w = 57 + 7. Calculate the remainder when w is divided by 11.
9
Let z(u) = u**3 - u + 3. Let i be z(0). Let d be 10/(i*(-2)/(-24)). Suppose 2*f + 0*f = d. Calculate the remainder when 58 is divided by f.
18
Let y(u) = -2*u**3 + 44*u**2 + u - 18. Calculate the remainder when 4 is divided by y(22).
0
Suppose 2*c - 15 - 9 = 0. Suppose -6*p - c = -4*p. Let s(b) = b**3 + 8*b**2 + 10*b + 8. Calculate the remainder when s(p) is divided by 11.
9
Suppose -18 = -3*v - 0*v. Let a be (24/(-20))/((-3)/10). Let p(f) = -f**2 + 4*f + 4. Calculate the remainder when v is divided by p(a).
2
What is the remainder when 1/1*40/2*3 is divided by 16?
12
Let h(u) = u**2 + 4*u + 4. Let l = 2 + 15. What is the remainder when l is divided by h(-5)?
8
Let h(f) = -f - 1. Let y(m) = 11*m - 15. Let n(g) = -3*h(g) + y(g). What is the remainder when n(5) is divided by 20?
18
Let l = 21 - -13. Let x(f) = -f + 4. Let c be x(4). Suppose n = u + 15 - 0, -2*u + 6 = c. Calculate the remainder when l is divided by n.
16
Let k = 408 + -579. Let h(n) = -27*n + 1. Calculate the remainder when h(-2) is divided by 4/(-6)*k/6.
17
Suppose -2*t + 6 = -4*t. Let p = t + 4. What is the remainder when 1 - (p - 18)/1 is divided by 10?
8
Let u(b) = -6*b + 6. What is the remainder when u(-7) is divided by 11?
4
Calculate the remainder when ((-2)/(-4))/((-22)/(-880)) is divided by 3.
2
Let l be (-61)/(-4) + 1/(-4). Calculate the remainder when (-3 - -5) + 0 + l is divided by 6.
5
Let v(i) = 2*i. Let r be v(-2). Let m = r - -7. What is the remainder when 8 is divided by m?
2
Suppose 4 + 2 = 2*r. Let q = r + 46. Calculate the remainder when q is divided by 13.
10
Calculate the remainder when (-54)/(-15) + -4 + 214/10 is divided by 4.
1
Suppose -2 = 2*h -